{"id":6238,"date":"{\"dateEnabled\":false,\"start\":\"1970-01-01T00:00:00.000Z\",\"end\":\"1970-01-01T00:00:00.000Z\"}","date_gmt":"2025-04-09T19:19:24","guid":{"rendered":"http:\/\/uruguaynatural.com\/es\/experiences\/\/"},"modified":"2025-11-24T16:47:54","modified_gmt":"2025-11-24T19:47:54","slug":"descubrir-canelones-oeste-en-un-finde","status":"publish","type":"experiences","link":"https:\/\/uruguaynatural.com\/pt\/experiences\/descubrir-canelones-oeste-en-un-finde\/","title":{"rendered":"Descubra o oeste de Canelones em um final de semana"},"author":5,"template":"","experience-categories":[15,77,56,20,72],"class_list":["post-6238","experiences","type-experiences","status-publish","hentry","experience-categories-avistamento","experience-categories-campo","experience-categories-gastronomia","experience-categories-naturaleza","experience-categories-nautico"],"acf":[],"primary_title":"<h1 class=\"western\" align=\"left\"><span class=\"highlight highlight--turquesa\"><b>Descubrir Canelones oeste en un finde<\/b><\/span><\/h1>\r\n<p class=\"western\" align=\"left\"><\/p>","description":"Adem\u00e1s de extensa costa y contar con el 70% de las bodegas del pa\u00eds, Canelones tiene un encanto singular en su naturaleza y su gente. El oeste del departamento ofrece varias opciones ideales como para una escapada de fin de semana en pareja o para toda la familia, sin un gran presupuesto. \u00a1Conoc\u00e9 m\u00e1s!","info":"<span style=\"font-family: Times New Roman, serif;\"><span style=\"font-size: medium;\"><span lang=\"pt-BR\">Al\u00e9m de possuir uma extensa costa e de concentrar 70% das vin\u00edcolas do pa\u00eds, Canelones tem um encanto singular em sua natureza e em seu povo. A regi\u00e3o oeste do departamento oferece v\u00e1rias op\u00e7\u00f5es ideais para uma escapada de fim de semana em casal ou em fam\u00edlia, sem gastar muito. Descubra mais!<\/span><\/span><\/span>\r\n\r\n<span style=\"font-family: Times New Roman, serif;\"><span style=\"font-size: medium;\"><span lang=\"pt-BR\">Desde cedo, o Rio Santa Luc\u00eda oferece uma bela vista, permite a sua navega\u00e7\u00e3o e conta com o Parador Tajes, um parque de 62 hectares localizado \u00e0 beira do rio que surpreende por sua natureza exuberante. \u00c9 um espa\u00e7o ideal para passar o dia ou acampar. L\u00e1 se encontra um espa\u00e7o recreativo constru\u00eddo ao redor da Casar\u00e3o de Tajes, a casa de ver\u00e3o do General M\u00e1ximo Tajes, que foi presidente do Uruguai entre 1882 e 1886.\r\n\r\nO parque est\u00e1 aberto todos os dias das 6:00 \u00e0s 0:00. Conta com um armaz\u00e9m para comprar alimentos, um parador com <\/span><\/span><\/span><span style=\"font-family: Times New Roman, serif;\"><span style=\"font-size: medium;\"><span lang=\"pt-BR\"><i>parrillada<\/i><\/span><\/span><\/span><span style=\"font-family: Times New Roman, serif;\"><span style=\"font-size: medium;\"><span lang=\"pt-BR\">, mesas ao ar livre para refei\u00e7\u00f5es e jogos para os mais jovens da fam\u00edlia: bocha, pebolim e bilhar.\r\n\r\nEntre suas atra\u00e7\u00f5es est\u00e3o: a Casona de Tajes, trilhas para explorar o parque e pesca \u00e0s margens do rio. Nos dias de ver\u00e3o, os visitantes tamb\u00e9m aproveitam a pequena praia para nadar ou praticar esportes n\u00e1uticos.\r\n\r\nO Parador Tajes est\u00e1 localizado no km 51 da Estrada 47. Desde Montevid\u00e9u, deve-se pegar a Estrada 5 e virar \u00e0 esquerda pelo Caminho Melilla (Estrada 36). Ao chegar \u00e0 localidade de Los Cerrillos, deve-se tomar a Estrada 47 at\u00e9 alcan\u00e7ar a margem do Rio Santa Luc\u00eda.<\/span><\/span><\/span>\r\n\r\n<span style=\"font-family: Times New Roman, serif;\"><span style=\"font-size: medium;\"><span lang=\"pt-BR\"><b>Onde dormir<\/b><\/span><\/span><\/span><span style=\"font-family: Times New Roman, serif;\"><span style=\"font-size: medium;\"><span lang=\"pt-BR\">\r\nAo cair da noite, se voc\u00ea busca mais conforto para dormir, outra op\u00e7\u00e3o de hospedagem \u00e9 \u201cEl Roc\u00edo, clube familiar privado\u201d, uma casa de campo para 12 pessoas, localizada na Estrada 47, km 51, em Los Cerrillos. Seus propriet\u00e1rios prop\u00f5em um ambiente tranquilo e familiar, com vista para o campo e para o rio. Al\u00e9m de descanso garantido, as caminhadas s\u00e3o revigorantes. Tamb\u00e9m conta com um sal\u00e3o de eventos para celebrar momentos especiais em fam\u00edlia ou para pequenos grupos empresariais.<\/span><\/span><\/span>\r\n\r\n<span style=\"color: #000000;\"><a style=\"color: #000000;\" href=\"https:\/\/www.facebook.com\/elrocioclubprivado?locale=es_ES\">+ info<\/a><\/span>\r\n\r\n<span style=\"font-family: Times New Roman, serif;\"><span style=\"font-size: medium;\"><span lang=\"pt-BR\"><b>Desconex\u00e3o<\/b><\/span><\/span><\/span><span style=\"font-family: Times New Roman, serif;\"><span style=\"font-size: medium;\"><span lang=\"pt-BR\">\r\nA hospedagem El Vergel \u00e9 outra op\u00e7\u00e3o para descansar. \u00c9 uma casa de campo localizada na Estrada 46, km 42, que conta com piscina t\u00e9rmica coberta e atividades para desconectar, como ioga, mantras ou um tour para conhecer as hist\u00f3rias escritas no c\u00e9u noturno. Tamb\u00e9m h\u00e1 churrasqueiras para curtir um bom churrasco ao ar livre ou realizar atividades t\u00edpicas do campo.<\/span><\/span><\/span>\r\n\r\n<span style=\"color: #000000;\"><a style=\"color: #000000;\" href=\"https:\/\/www.instagram.com\/elvergel.loscerrillos\/\">+ info<\/a><\/span>\r\n\r\n<span style=\"font-family: Times New Roman, serif;\"><span style=\"font-size: medium;\"><span lang=\"pt-BR\">Pela manh\u00e3, al\u00e9m de aproveitar o campo, voc\u00ea pode visitar o Parque Linear de Las Brujas. Ideal para uma caminhada enquanto as crian\u00e7as brincam e descobrem interven\u00e7\u00f5es de gigantes com mais de quatro metros de altura. A av\u00f3, a menina com borboletas, uma menina com vagalumes e um menino segurando um palco s\u00e3o algumas das esculturas instaladas no final da Estrada 48, onde termina o Rio Santa Luc\u00eda. \u00c0 noite, o lugar ganha um charme especial com ilumina\u00e7\u00e3o a base de energia solar.<\/span><\/span><\/span>\r\n\r\n<span style=\"font-family: Times New Roman, serif;\"><span style=\"font-size: medium;\"><span lang=\"pt-BR\">Outra parada imperd\u00edvel \u00e9 a Bodega Artesana, localizada na Estrada 48, km 3.600, em Las Brujas, parada perfeita para os amantes do vinho. Destaca-se por seus vinhos Tannat, a uva emblem\u00e1tica do Uruguai, mas tamb\u00e9m pelo Zinfandel. Al\u00e9m disso, o estabelecimento produz Merlot, Cabernet Franc, Chardonnay \u2013 Petit Manseng e outras combina\u00e7\u00f5es.<\/span><\/span><\/span>\r\n\r\n<span style=\"font-family: Times New Roman, serif;\"><span style=\"font-size: medium;\"><span lang=\"pt-BR\"><b>Com alma<\/b><\/span><\/span><\/span><span style=\"font-family: Times New Roman, serif;\"><span style=\"font-size: medium;\"><span lang=\"pt-BR\">\r\n\u00c0 tarde, um cantinho para se deliciar \u00e9 o Alma de Gloria. Sua especialidade s\u00e3o blends pr\u00f3prios de ch\u00e1s e deliciosos petiscos doces e salgados, criados com produtos sazonais e todo o carinho dos propriet\u00e1rios Ana Gloria e Jorge. Sua casa de ch\u00e1 \u00e9 uma experi\u00eancia para todos os sentidos, entre cultivos de amora-preta, framboesas, uchuvas e figueiras. O endere\u00e7o \u00e9 na Estrada 36, km 24.500, em El Colorado, Canelones, a apenas 30 minutos do centro de Montevid\u00e9u.<\/span><\/span><\/span>\r\n\r\n<span style=\"color: #000000;\"><a style=\"color: #000000;\" href=\"https:\/\/www.instagram.com\/almadegloria.uy\/?hl=es\">+ info<\/a><\/span>\r\n\r\n<span style=\"font-family: Times New Roman, serif;\"><span style=\"font-size: medium;\"><span lang=\"pt-BR\">O oeste \u00e9 uma \u00f3tima escolha, que com certeza vai ficar entre suas lembran\u00e7as mais especiais.<\/span><\/span><\/span>","highlights":"","primary_image":"[{\"id\":6239,\"url\":\"https:\/\/uruguaynatural.com\/wp-content\/uploads\/2025\/04\/Esquilar-2019-Alexis-Noquet-Tajes-Alta-26-scaled.jpg\"}]","secondary_image":"[{\"id\":6240,\"url\":\"http:\/\/uruguaynatural.com\/wp-content\/uploads\/2025\/04\/Paisaje-2019-Alexis-Noquet-Tajes-Alta-36-scaled.jpg\"}]","gallery_images":"[{\"id\":6271,\"url\":\"http:\/\/uruguaynatural.com\/wp-content\/uploads\/2025\/04\/CasaQuinta-2019-Alexis-Noquet-Tajes-Alta-31-scaled.jpg\"},{\"id\":6272,\"url\":\"http:\/\/uruguaynatural.com\/wp-content\/uploads\/2025\/04\/Esquilar-2019-Alexis-Noquet-Tajes-Alta-26-1-scaled.jpg\"},{\"id\":6273,\"url\":\"http:\/\/uruguaynatural.com\/wp-content\/uploads\/2025\/04\/Campo-2019-Alexis-Noquet-Tajes-Alta-15-scaled.jpg\"}]","enable_map":"1","coord_lat":"","coord_lng":"","locations":"-34.6919064,-56.4013557|-34.6082666,-56.4680408|-34.7028735,-56.29114969999999|-34.60769579017257,-56.36166663164555|-34.60826093876275,-56.36166663164555|-34.6081347,-56.3611827|-34.58763052325987,-56.355486822075235","department":"Canelones","places":"[{\"id\":1296,\"link\":\"http:\/\/uruguaynatural.com\/es\/places\/montevideo\/\",\"title\":\"Montevideo\",\"description\":\"La rambla capitalina, el balc\u00f3n de acceso a m\u00e1s de <strong>30 kil\u00f3metro de costa<\/strong>, es uno de los principales atributos de Montevideo y un paseo imperdible para sus habitantes que suelen recurrir a ella para tomar mate y realizar extensas caminatas. Tambi\u00e9n lo son la cantidad de espacios verdes, parques y jardines que posibilitan m\u00faltiples opciones al aire libre.\\r\\n\\r\\nMontevideo tambi\u00e9n cuenta con una amplia movida cultural. As\u00ed por ejemplo, su cartelera teatral, es llamativamente extensa y variada, y abarca tanto espect\u00e1culos cl\u00e1sicos, como modernos o alternativos. En sus museos, centros culturales , casas de cultura y salas de exposici\u00f3n es posible apreciar el arte de una amplia gama de artistas de alcance internacional como Juan Manuel Blanes, Rafael Barradas, Pedro Figari, Joaqu\u00edn Torres Garc\u00eda, Jos\u00e9 C\u00faneo e Ignacio Iturria, entre otros.\\r\\n<h3>M\u00e1s informaci\u00f3n<\/h3>\\r\\n<ul>\\r\\n \\t<li><strong>Los inicios:<\/strong> Montevideo fue fundada por el gobernador y capit\u00e1n del R\u00edo del Plata Don Bruno Mauricio de Zabala. El proceso fundacional de la ciudad se inscribe entre 1724 y 1730, per\u00edodo en que comenzaron a arribar los primeros pobladores provenientes de Buenos aires y de las Islas Canarias. En el a\u00f1o 1833 se proyecta el nuevo trazado para la Ciudad Nueva que comienza a ejecutarse plenamente a partir de 1861.A diferencia de la Ciudad Vieja, que estaba amurallada en todo su per\u00edmetro, la Ciudad Nueva se proyecta con calles anchas y arboladas donde se localizaron comercios suntuosos y grandes residencias.<\/li>\\r\\n<\/ul>\\r\\n\u00a0\\r\\n<ul>\\r\\n \\t<li><strong>Capital con los pies en el r\u00edo:<\/strong> Recorrer 30 kil\u00f3metros de costa a es una de las posibilidades imperdibles que ofrece la capital montevideana que nunca le da la espalda al R\u00edo de la Plata. Por un extenso trayecto, desde Capurro hasta Carrasco, se extiende la Rambla de Montevideo, que fue concebida como un balc\u00f3n hacia el mar, para un verdadero disfrute de las costas de la ciudad.\\r\\nSus diversos tramos poseen especial belleza, ya que en su recorrido, ya sea a pie, en bicicleta o en auto, adem\u00e1s de hermosas playas es posible apreciar la arquitectura urbana que las rodea. Edificios antiguos y modernos, plazas y espacios deportivos como la pista de patinaje en el Parque Rod\u00f3, la de Skate en Buceo y varios gimnasios al aire libre, se suceden conformando atractivas panor\u00e1micas para el turista.\\r\\nDesde el puerto capitalino, hacia el Este, se suceden las playas m\u00e1s urbanas: Ram\u00edrez, Pocitos, Carrasco, Buceo, Malv\u00edn, en tanto hacia el Oeste, existen otras playas m\u00e1s agrestes y de acceso individual como la Colorada, Punta Espinillo, Punta Yeguas, Zabala o Santa Catarina. Las playas de Montevideo son caracter\u00edsticas por sus finas y blancas arenas y las calmas aguas del R\u00edo de la Plata, as\u00ed como por su seguridad. Adem\u00e1s del servicio de guardavidas, todas las playas habilitadas tienen asegurada la cobertura de salud y el cuidado de los ba\u00f1istas a trav\u00e9s de puestos de primeros auxilios y atenci\u00f3n m\u00e9dica de urgencia y emergencia. En el verano, adem\u00e1s de disfrutar del sol, arena y mar, los turistas pueden disfrutar de espect\u00e1culos y actividades recreativas gratuitas para ni\u00f1os, j\u00f3venes y adultos.<\/li>\\r\\n<\/ul>\\r\\n<h4>\u00a1No te pierdas!<\/h4>\\r\\n<ol>\\r\\n \\t<li>Plaza Matriz: ubicada en la Ciudad Vieja, entre las calles Peatonal Sarand\u00ed y Juan Carlos G\u00f3mez,\u00a0 en esta plaza se respira historia. La Iglesia Matriz, El Cabildo y otros edificios hist\u00f3ricos se encuentran rodeando su m\u00edtica fuente, uno de los monumentos m\u00e1s bellos de la ciudad.<\/li>\\r\\n \\t<li>Estadio Centenario: ubicado en la zona de Parque Batlle, es el principal escenario deportivo del pa\u00eds, con una imponente infraestructura capaz de albergar hasta 80.000 espectadores. Es posible coordinar visitas guiadas y conocer los hitos que transformaron al f\u00fatbol en la mayor pasi\u00f3n de los uruguayos.<\/li>\\r\\n \\t<li>Jard\u00edn Bot\u00e1nico: ubicado en el Prado,\u00a0 alberga una gran colecci\u00f3n de flora de distintas partes del mundo a lo largo y ancho de m\u00e1s de trece hect\u00e1reas. El entorno es ideal para extensas jornadas de picnic y para conectarse con la naturaleza, sin salir de la ciudad. El acceso es gratuito.<\/li>\\r\\n \\t<li>Mercado del Puerto: es uno de los puntos de mayor congregaci\u00f3n de turistas en la capital. Su gastronom\u00eda representa las m\u00e1s arraigadas tradiciones de Uruguay. El asado es el plato predominante y la mayor\u00eda de los restaurantes son parilladas pero existen otras opciones. Los espect\u00e1culos culturales y las artesan\u00edas tambi\u00e9n son protagonistas en el entorno.<\/li>\\r\\n<\/ol>\",\"primary_image\":\"http:\/\/uruguaynatural.com\/wp-content\/uploads\/2023\/04\/Captura-de-pantalla-de-2023-04-11-15-39-26.png\"}]","date_enabled":"","start_date":"0","end_date":"0","_links":{"self":[{"href":"https:\/\/uruguaynatural.com\/pt\/wp-json\/wp\/v2\/experiences\/6238","targetHints":{"allow":["GET"]}}],"collection":[{"href":"https:\/\/uruguaynatural.com\/pt\/wp-json\/wp\/v2\/experiences"}],"about":[{"href":"https:\/\/uruguaynatural.com\/pt\/wp-json\/wp\/v2\/types\/experiences"}],"author":[{"embeddable":true,"href":"https:\/\/uruguaynatural.com\/pt\/wp-json\/wp\/v2\/users\/5"}],"wp:attachment":[{"href":"https:\/\/uruguaynatural.com\/pt\/wp-json\/wp\/v2\/media?parent=6238"}],"wp:term":[{"taxonomy":"experience-categories","embeddable":true,"href":"https:\/\/uruguaynatural.com\/pt\/wp-json\/wp\/v2\/experience-categories?post=6238"}],"curies":[{"name":"wp","href":"https:\/\/api.w.org\/{rel}","templated":true}]}}

Además de extensa costa y contar con el 70% de las bodegas del país, Canelones tiene un encanto singular en su naturaleza y su gente. El oeste del departamento ofrece varias opciones ideales como para una escapada de fin de semana en pareja o para toda la familia, sin un gran presupuesto. ¡Conocé más!

<span style="font-family: Times New Roman, serif;"><span style="font-size: medium;"><span lang="pt-BR">Além de possuir uma extensa costa e de concentrar 70% das vinícolas do país, Canelones tem um encanto singular em sua natureza e em seu povo. A região oeste do departamento oferece várias opções ideais para uma escapada de fim de semana em casal ou em família, sem gastar muito. Descubra mais!</span></span></span>

<span style="font-family: Times New Roman, serif;"><span style="font-size: medium;"><span lang="pt-BR">Desde cedo, o Rio Santa Lucía oferece uma bela vista, permite a sua navegação e conta com o Parador Tajes, um parque de 62 hectares localizado à beira do rio que surpreende por sua natureza exuberante. É um espaço ideal para passar o dia ou acampar. Lá se encontra um espaço recreativo construído ao redor da Casarão de Tajes, a casa de verão do General Máximo Tajes, que foi presidente do Uruguai entre 1882 e 1886.

O parque está aberto todos os dias das 6:00 às 0:00. Conta com um armazém para comprar alimentos, um parador com </span></span></span><span style="font-family: Times New Roman, serif;"><span style="font-size: medium;"><span lang="pt-BR"><i>parrillada</i></span></span></span><span style="font-family: Times New Roman, serif;"><span style="font-size: medium;"><span lang="pt-BR">, mesas ao ar livre para refeições e jogos para os mais jovens da família: bocha, pebolim e bilhar.

Entre suas atrações estão: a Casona de Tajes, trilhas para explorar o parque e pesca às margens do rio. Nos dias de verão, os visitantes também aproveitam a pequena praia para nadar ou praticar esportes náuticos.

O Parador Tajes está localizado no km 51 da Estrada 47. Desde Montevidéu, deve-se pegar a Estrada 5 e virar à esquerda pelo Caminho Melilla (Estrada 36). Ao chegar à localidade de Los Cerrillos, deve-se tomar a Estrada 47 até alcançar a margem do Rio Santa Lucía.</span></span></span>

<span style="font-family: Times New Roman, serif;"><span style="font-size: medium;"><span lang="pt-BR"><b>Onde dormir</b></span></span></span><span style="font-family: Times New Roman, serif;"><span style="font-size: medium;"><span lang="pt-BR">
Ao cair da noite, se você busca mais conforto para dormir, outra opção de hospedagem é “El Rocío, clube familiar privado”, uma casa de campo para 12 pessoas, localizada na Estrada 47, km 51, em Los Cerrillos. Seus proprietários propõem um ambiente tranquilo e familiar, com vista para o campo e para o rio. Além de descanso garantido, as caminhadas são revigorantes. Também conta com um salão de eventos para celebrar momentos especiais em família ou para pequenos grupos empresariais.</span></span></span>

<span style="color: #000000;"><a style="color: #000000;" href="https://www.facebook.com/elrocioclubprivado?locale=es_ES">+ info</a></span>

<span style="font-family: Times New Roman, serif;"><span style="font-size: medium;"><span lang="pt-BR"><b>Desconexão</b></span></span></span><span style="font-family: Times New Roman, serif;"><span style="font-size: medium;"><span lang="pt-BR">
A hospedagem El Vergel é outra opção para descansar. É uma casa de campo localizada na Estrada 46, km 42, que conta com piscina térmica coberta e atividades para desconectar, como ioga, mantras ou um tour para conhecer as histórias escritas no céu noturno. Também há churrasqueiras para curtir um bom churrasco ao ar livre ou realizar atividades típicas do campo.</span></span></span>

<span style="color: #000000;"><a style="color: #000000;" href="https://www.instagram.com/elvergel.loscerrillos/">+ info</a></span>

<span style="font-family: Times New Roman, serif;"><span style="font-size: medium;"><span lang="pt-BR">Pela manhã, além de aproveitar o campo, você pode visitar o Parque Linear de Las Brujas. Ideal para uma caminhada enquanto as crianças brincam e descobrem intervenções de gigantes com mais de quatro metros de altura. A avó, a menina com borboletas, uma menina com vagalumes e um menino segurando um palco são algumas das esculturas instaladas no final da Estrada 48, onde termina o Rio Santa Lucía. À noite, o lugar ganha um charme especial com iluminação a base de energia solar.</span></span></span>

<span style="font-family: Times New Roman, serif;"><span style="font-size: medium;"><span lang="pt-BR">Outra parada imperdível é a Bodega Artesana, localizada na Estrada 48, km 3.600, em Las Brujas, parada perfeita para os amantes do vinho. Destaca-se por seus vinhos Tannat, a uva emblemática do Uruguai, mas também pelo Zinfandel. Além disso, o estabelecimento produz Merlot, Cabernet Franc, Chardonnay – Petit Manseng e outras combinações.</span></span></span>

<span style="font-family: Times New Roman, serif;"><span style="font-size: medium;"><span lang="pt-BR"><b>Com alma</b></span></span></span><span style="font-family: Times New Roman, serif;"><span style="font-size: medium;"><span lang="pt-BR">
À tarde, um cantinho para se deliciar é o Alma de Gloria. Sua especialidade são blends próprios de chás e deliciosos petiscos doces e salgados, criados com produtos sazonais e todo o carinho dos proprietários Ana Gloria e Jorge. Sua casa de chá é uma experiência para todos os sentidos, entre cultivos de amora-preta, framboesas, uchuvas e figueiras. O endereço é na Estrada 36, km 24.500, em El Colorado, Canelones, a apenas 30 minutos do centro de Montevidéu.</span></span></span>

<span style="color: #000000;"><a style="color: #000000;" href="https://www.instagram.com/almadegloria.uy/?hl=es">+ info</a></span>

<span style="font-family: Times New Roman, serif;"><span style="font-size: medium;"><span lang="pt-BR">O oeste é uma ótima escolha, que com certeza vai ficar entre suas lembranças mais especiais.</span></span></span>

[{"id":1296,"link":"http://uruguaynatural.com/es/places/montevideo/","title":"Montevideo","description":"La rambla capitalina, el balcón de acceso a más de <strong>30 kilómetro de costa</strong>, es uno de los principales atributos de Montevideo y un paseo imperdible para sus habitantes que suelen recurrir a ella para tomar mate y realizar extensas caminatas. También lo son la cantidad de espacios verdes, parques y jardines que posibilitan múltiples opciones al aire libre.\r\n\r\nMontevideo también cuenta con una amplia movida cultural. Así por ejemplo, su cartelera teatral, es llamativamente extensa y variada, y abarca tanto espectáculos clásicos, como modernos o alternativos. En sus museos, centros culturales , casas de cultura y salas de exposición es posible apreciar el arte de una amplia gama de artistas de alcance internacional como Juan Manuel Blanes, Rafael Barradas, Pedro Figari, Joaquín Torres García, José Cúneo e Ignacio Iturria, entre otros.\r\n<h3>Más información</h3>\r\n<ul>\r\n \t<li><strong>Los inicios:</strong> Montevideo fue fundada por el gobernador y capitán del Río del Plata Don Bruno Mauricio de Zabala. El proceso fundacional de la ciudad se inscribe entre 1724 y 1730, período en que comenzaron a arribar los primeros pobladores provenientes de Buenos aires y de las Islas Canarias. En el año 1833 se proyecta el nuevo trazado para la Ciudad Nueva que comienza a ejecutarse plenamente a partir de 1861.A diferencia de la Ciudad Vieja, que estaba amurallada en todo su perímetro, la Ciudad Nueva se proyecta con calles anchas y arboladas donde se localizaron comercios suntuosos y grandes residencias.</li>\r\n</ul>\r\n \r\n<ul>\r\n \t<li><strong>Capital con los pies en el río:</strong> Recorrer 30 kilómetros de costa a es una de las posibilidades imperdibles que ofrece la capital montevideana que nunca le da la espalda al Río de la Plata. Por un extenso trayecto, desde Capurro hasta Carrasco, se extiende la Rambla de Montevideo, que fue concebida como un balcón hacia el mar, para un verdadero disfrute de las costas de la ciudad.\r\nSus diversos tramos poseen especial belleza, ya que en su recorrido, ya sea a pie, en bicicleta o en auto, además de hermosas playas es posible apreciar la arquitectura urbana que las rodea. Edificios antiguos y modernos, plazas y espacios deportivos como la pista de patinaje en el Parque Rodó, la de Skate en Buceo y varios gimnasios al aire libre, se suceden conformando atractivas panorámicas para el turista.\r\nDesde el puerto capitalino, hacia el Este, se suceden las playas más urbanas: Ramírez, Pocitos, Carrasco, Buceo, Malvín, en tanto hacia el Oeste, existen otras playas más agrestes y de acceso individual como la Colorada, Punta Espinillo, Punta Yeguas, Zabala o Santa Catarina. Las playas de Montevideo son características por sus finas y blancas arenas y las calmas aguas del Río de la Plata, así como por su seguridad. Además del servicio de guardavidas, todas las playas habilitadas tienen asegurada la cobertura de salud y el cuidado de los bañistas a través de puestos de primeros auxilios y atención médica de urgencia y emergencia. En el verano, además de disfrutar del sol, arena y mar, los turistas pueden disfrutar de espectáculos y actividades recreativas gratuitas para niños, jóvenes y adultos.</li>\r\n</ul>\r\n<h4>¡No te pierdas!</h4>\r\n<ol>\r\n \t<li>Plaza Matriz: ubicada en la Ciudad Vieja, entre las calles Peatonal Sarandí y Juan Carlos Gómez,  en esta plaza se respira historia. La Iglesia Matriz, El Cabildo y otros edificios históricos se encuentran rodeando su mítica fuente, uno de los monumentos más bellos de la ciudad.</li>\r\n \t<li>Estadio Centenario: ubicado en la zona de Parque Batlle, es el principal escenario deportivo del país, con una imponente infraestructura capaz de albergar hasta 80.000 espectadores. Es posible coordinar visitas guiadas y conocer los hitos que transformaron al fútbol en la mayor pasión de los uruguayos.</li>\r\n \t<li>Jardín Botánico: ubicado en el Prado,  alberga una gran colección de flora de distintas partes del mundo a lo largo y ancho de más de trece hectáreas. El entorno es ideal para extensas jornadas de picnic y para conectarse con la naturaleza, sin salir de la ciudad. El acceso es gratuito.</li>\r\n \t<li>Mercado del Puerto: es uno de los puntos de mayor congregación de turistas en la capital. Su gastronomía representa las más arraigadas tradiciones de Uruguay. El asado es el plato predominante y la mayoría de los restaurantes son parilladas pero existen otras opciones. Los espectáculos culturales y las artesanías también son protagonistas en el entorno.</li>\r\n</ol>","primary_image":"http://uruguaynatural.com/wp-content/uploads/2023/04/Captura-de-pantalla-de-2023-04-11-15-39-26.png"}]
