{"id":3173,"date":"2023-06-21T16:16:36","date_gmt":"2023-06-21T19:16:36","guid":{"rendered":"https:\/\/uruguaynatural.com\/es\/places\/\/"},"modified":"2026-04-16T10:38:53","modified_gmt":"2026-04-16T13:38:53","slug":"colonia-valdense","status":"publish","type":"places","link":"https:\/\/uruguaynatural.com\/es\/places\/colonia-valdense\/","title":{"rendered":"Colonia Valdense"},"author":2,"template":"","place-categories":[93,87,187],"class_list":["post-3173","places","type-places","status-publish","hentry","place-categories-colonia","place-categories-pueblos","place-categories-region-litoral-sur"],"acf":[],"primary_title":"<h1 class=\"itemTitle\"><span class=\"highlight highlight--violeta\">Colonia Valdense<\/span><\/h1>","short_description":"Fundada en 1858 por inmigrantes valdenses provenientes del Piamonte (norte de Italia) que sobrevivieron a las persecuciones religiosas motivadas por la reforma de la lglesia que impuls\u00f3 Pedro Valdo a partir de siglo XII, Colonia Valdense guarda rasgos de identidad propios.","description":"<span style=\"color: #000000;\">La fiesta de la gratitud en marzo, el D\u00eda de la Fraternidad Valdense en Agosto y la Fiesta de la Cata Nacional de Queso en noviembre, constitituyen tres momentos del a\u00f1o ideales para decidirse a descubrirla. Adem\u00e1s de disfrutar de su vida tranquila y sus paisajes, no deje de conocer los siguientes atractivos de gran valor hist\u00f3rico y patrimonial.<\/span>\r\n\r\n<span style=\"color: #000000;\">Recorriendo la ciudad, se encuentra la Plaza de la Libertad, el Parque escolar, la Escuela N\u00ba 26, el Club Atl\u00e9tico Valdense, la casa quinta que perteneci\u00f3 al secretario del presidente Williman, Emilio Barbouroux, la Plaza de Deportes, el Primer Liceo Rural del pa\u00eds, fundado en 1888, por el pastor Daniel Armand Ug\u00f3n y la Biblioteca Archivo Valdense.<\/span>\r\n\r\n&nbsp;\r\n<div class=\"module_round_box_outer\">\r\n<div class=\"module_round_box\">\r\n<div class=\"s5_module_box_1\">\r\n<div class=\"s5_module_box_2\">\r\n<div class=\"s5_outer\">\r\n<div class=\"custom\">\r\n\r\n[embed]https:\/\/www.youtube.com\/watch?v=sWAdu-lOC1I[\/embed]\r\n\r\n<section id=\"modulo-wrap\" class=\"links-de-interes-wrap\"><span style=\"color: #000000;\"><img src=\"https:\/\/uruguaynatural.com\/images\/icon-link.png\" \/><\/span>\r\n<span style=\"color: #000000;\"><a style=\"color: #000000;\" href=\"https:\/\/www.colonia.gub.uy\/turismo\/\">https:\/\/www.colonia.gub.uy\/turismo\/<\/a>\u00a0<\/span><\/section><\/div>\r\n<\/div>\r\n<\/div>\r\n<\/div>\r\n<\/div>\r\n<\/div>\r\n<div class=\"module_round_box_outer\">\r\n<div class=\"module_round_box\">\r\n<div class=\"s5_module_box_1\">\r\n<div class=\"s5_module_box_2\">\r\n<div class=\"s5_outer\">\r\n<div class=\"custom\"><section id=\"modulo-wrap\" class=\"informacion-turistica\"><span style=\"color: #000000;\"><img src=\"https:\/\/uruguaynatural.com\/images\/icon-informacion-turistica.png\" alt=\"\" \/><\/span>\r\n<span style=\"color: #000000;\">COLONIA DEL SACRAMENTO<\/span><\/section><section><\/section><section class=\"informacion-turistica\"><span style=\"color: #000000;\"><strong>Centro de Informes BIT<\/strong><\/span>\r\n<span style=\"color: #000000;\">Odriozola 434 esq. A. M\u00e9ndez<\/span>\r\n<span id=\"cloak4e833e7f001e62f4547504c9293acb44\" style=\"color: #000000;\"><a style=\"color: #000000;\" href=\"mailto:infoturismobit@gmail.com\">infoturismobit@gmail.com<\/a><\/span>\r\n<span style=\"color: #000000;\">Tel. 4523 7707<\/span>\r\n<span style=\"color: #000000;\"><strong>\u00a0<\/strong><\/span>\r\n<span style=\"color: #000000;\"><strong>Centro<\/strong><\/span>\r\n<span style=\"color: #000000;\">Av. Gral. Flores y Rivera<\/span>\r\n<span id=\"cloakf1c3b346190017ba99865db4f1002061\" style=\"color: #000000;\"><a style=\"color: #000000;\" href=\"mailto:ncentro1680@gmail.com\">ncentro1680@gmail.com<\/a><\/span>\r\n<span style=\"color: #000000;\">Tel. 4522 6141<\/span><\/section><section><\/section><section class=\"informacion-turistica\"><span style=\"color: #000000;\"><strong>Terminal de Puerto<\/strong><\/span>\r\n<span style=\"color: #000000;\">Isla Central \u2013 Hall de acceso<\/span>\r\n<span style=\"color: #000000;\"><a style=\"color: #000000;\" href=\"mailto:centroinfobit@gmail.com\">centroinfobit@gmail.com<\/a><\/span><\/section><section><\/section><section class=\"informacion-turistica\"><span style=\"color: #000000;\"><strong>\r\nBarrio Hist\u00f3rico (Barrio Sur)<\/strong><\/span>\r\n<span style=\"color: #000000;\">Manuel Lobo 224<\/span>\r\n<span id=\"cloak0c49e12a44010511a61480d3482c5326\" style=\"color: #000000;\"><a style=\"color: #000000;\" href=\"mailto:barriohistorico1680@gmail.com\">barriohistorico1680@gmail.com<\/a><\/span>\r\n<span style=\"color: #000000;\">Tel. 4522 8506<\/span><span style=\"color: #000000;\"><strong>Terminal de Buses\r\n<\/strong>Av. Buenos Aires esq. Manuel Lobo<\/span>\r\n<span style=\"color: #000000;\"><a style=\"color: #000000;\" href=\"mailto:infoterminal1680@gmail.com\">infoterminal1680@gmail.com<\/a><\/span>\r\n<div class=\"FOOTERsubTituloFooter\"><span style=\"color: #000000;\"><strong>Colonia Valdense<\/strong><\/span><\/div>\r\n<div class=\"FOOTERtextoFooter\"><span style=\"color: #000000;\">Centro de Artesanos Ciudad Jard\u00edn<\/span>\r\n<span style=\"color: #000000;\">Ruta 1, km. 121<\/span>\r\n<span style=\"color: #000000;\">Tel. 4558 8412<\/span><\/div>\r\n<\/section><\/div>\r\n<\/div>\r\n<\/div>\r\n<\/div>\r\n<\/div>\r\n<\/div>","primary_image":"[{\"id\":3249,\"url\":\"https:\/\/uruguaynatural.com\/wp-content\/uploads\/2023\/06\/Cvaldense.png\"}]","secondary_image":"[]","gallery_images":"[]","enable_map":"1","coord_lat":"","coord_lng":"","locations":"-34.339970248137654,-57.26116063192407","department":"Colonia","_links":{"self":[{"href":"https:\/\/uruguaynatural.com\/es\/wp-json\/wp\/v2\/places\/3173","targetHints":{"allow":["GET"]}}],"collection":[{"href":"https:\/\/uruguaynatural.com\/es\/wp-json\/wp\/v2\/places"}],"about":[{"href":"https:\/\/uruguaynatural.com\/es\/wp-json\/wp\/v2\/types\/places"}],"author":[{"embeddable":true,"href":"https:\/\/uruguaynatural.com\/es\/wp-json\/wp\/v2\/users\/2"}],"wp:attachment":[{"href":"https:\/\/uruguaynatural.com\/es\/wp-json\/wp\/v2\/media?parent=3173"}],"wp:term":[{"taxonomy":"place-categories","embeddable":true,"href":"https:\/\/uruguaynatural.com\/es\/wp-json\/wp\/v2\/place-categories?post=3173"}],"curies":[{"name":"wp","href":"https:\/\/api.w.org\/{rel}","templated":true}]}}

Fundada en 1858 por inmigrantes valdenses provenientes del Piamonte (norte de Italia) que sobrevivieron a las persecuciones religiosas motivadas por la reforma de la lglesia que impulsó Pedro Valdo a partir de siglo XII, Colonia Valdense guarda rasgos de identidad propios.

<span style="color: #000000;">La fiesta de la gratitud en marzo, el Día de la Fraternidad Valdense en Agosto y la Fiesta de la Cata Nacional de Queso en noviembre, constitituyen tres momentos del año ideales para decidirse a descubrirla. Además de disfrutar de su vida tranquila y sus paisajes, no deje de conocer los siguientes atractivos de gran valor histórico y patrimonial.</span>

<span style="color: #000000;">Recorriendo la ciudad, se encuentra la Plaza de la Libertad, el Parque escolar, la Escuela Nº 26, el Club Atlético Valdense, la casa quinta que perteneció al secretario del presidente Williman, Emilio Barbouroux, la Plaza de Deportes, el Primer Liceo Rural del país, fundado en 1888, por el pastor Daniel Armand Ugón y la Biblioteca Archivo Valdense.</span>

&nbsp;
<div class="module_round_box_outer">
<div class="module_round_box">
<div class="s5_module_box_1">
<div class="s5_module_box_2">
<div class="s5_outer">
<div class="custom">

[embed]https://www.youtube.com/watch?v=sWAdu-lOC1I[/embed]

<section id="modulo-wrap" class="links-de-interes-wrap"><span style="color: #000000;"><img src="https://uruguaynatural.com/images/icon-link.png" /></span>
<span style="color: #000000;"><a style="color: #000000;" href="https://www.colonia.gub.uy/turismo/">https://www.colonia.gub.uy/turismo/</a> </span></section></div>
</div>
</div>
</div>
</div>
</div>
<div class="module_round_box_outer">
<div class="module_round_box">
<div class="s5_module_box_1">
<div class="s5_module_box_2">
<div class="s5_outer">
<div class="custom"><section id="modulo-wrap" class="informacion-turistica"><span style="color: #000000;"><img src="https://uruguaynatural.com/images/icon-informacion-turistica.png" alt="" /></span>
<span style="color: #000000;">COLONIA DEL SACRAMENTO</span></section><section></section><section class="informacion-turistica"><span style="color: #000000;"><strong>Centro de Informes BIT</strong></span>
<span style="color: #000000;">Odriozola 434 esq. A. Méndez</span>
<span id="cloak4e833e7f001e62f4547504c9293acb44" style="color: #000000;"><a style="color: #000000;" href="mailto:infoturismobit@gmail.com">infoturismobit@gmail.com</a></span>
<span style="color: #000000;">Tel. 4523 7707</span>
<span style="color: #000000;"><strong> </strong></span>
<span style="color: #000000;"><strong>Centro</strong></span>
<span style="color: #000000;">Av. Gral. Flores y Rivera</span>
<span id="cloakf1c3b346190017ba99865db4f1002061" style="color: #000000;"><a style="color: #000000;" href="mailto:ncentro1680@gmail.com">ncentro1680@gmail.com</a></span>
<span style="color: #000000;">Tel. 4522 6141</span></section><section></section><section class="informacion-turistica"><span style="color: #000000;"><strong>Terminal de Puerto</strong></span>
<span style="color: #000000;">Isla Central – Hall de acceso</span>
<span style="color: #000000;"><a style="color: #000000;" href="mailto:centroinfobit@gmail.com">centroinfobit@gmail.com</a></span></section><section></section><section class="informacion-turistica"><span style="color: #000000;"><strong>
Barrio Histórico (Barrio Sur)</strong></span>
<span style="color: #000000;">Manuel Lobo 224</span>
<span id="cloak0c49e12a44010511a61480d3482c5326" style="color: #000000;"><a style="color: #000000;" href="mailto:barriohistorico1680@gmail.com">barriohistorico1680@gmail.com</a></span>
<span style="color: #000000;">Tel. 4522 8506</span><span style="color: #000000;"><strong>Terminal de Buses
</strong>Av. Buenos Aires esq. Manuel Lobo</span>
<span style="color: #000000;"><a style="color: #000000;" href="mailto:infoterminal1680@gmail.com">infoterminal1680@gmail.com</a></span>
<div class="FOOTERsubTituloFooter"><span style="color: #000000;"><strong>Colonia Valdense</strong></span></div>
<div class="FOOTERtextoFooter"><span style="color: #000000;">Centro de Artesanos Ciudad Jardín</span>
<span style="color: #000000;">Ruta 1, km. 121</span>
<span style="color: #000000;">Tel. 4558 8412</span></div>
</section></div>
</div>
</div>
</div>
</div>
</div>
