{"id":3126,"date":"2023-06-21T13:35:40","date_gmt":"2023-06-21T16:35:40","guid":{"rendered":"https:\/\/uruguaynatural.com\/es\/places\/\/"},"modified":"2026-04-16T10:41:41","modified_gmt":"2026-04-16T13:41:41","slug":"mercedes","status":"publish","type":"places","link":"https:\/\/uruguaynatural.com\/es\/places\/mercedes\/","title":{"rendered":"Mercedes"},"author":2,"template":"","place-categories":[86,187,106],"class_list":["post-3126","places","type-places","status-publish","hentry","place-categories-ciudades","place-categories-region-litoral-sur","place-categories-soriano"],"acf":[],"primary_title":"<h1 class=\"itemTitle\"><span class=\"highlight highlight--turquesa\">Mercedes<\/span><\/h1>","short_description":"<div class=\"itemHeader\"><\/div>\r\n<div class=\"itemBody\">\r\n<div class=\"itemIntroText\"><section id=\"item-wrap\" class=\"destino-wrap\"><article>Dada su privilegiada ubicaci\u00f3n a orillas del R\u00edo Negro, Mercedes brinda un espacio ideal para la pesca, los deportes n\u00e1uticos y para el descanso en medio de entornos naturales. Es la capital del departamento de Soriano y se halla sobre la ruta nacional n\u00b0 2 a 278 kil\u00f3metros de Montevideo, limitando con el departamento de R\u00edo Negro.<\/article><\/section><\/div>\r\n<\/div>","description":"<div class=\"itemHeader\">\r\n\r\nDestacada por su oferta de actividades n\u00e1uticas y culturales, la ciudad ofrece la posibilidad de experimentar vivencias tur\u00edsticas y recreativas, disfrutando del paisaje natural que ofrece el r\u00edo, as\u00ed como de la riqueza hist\u00f3rica y cultural de sus atractivos y festividades.\r\n\r\nRealizar paseos en la ciudad, conociendo el ex edificio de la Sociedad Italiana, la Pinacoteca Eusebio Gim\u00e9nez, el Museo Paleontol\u00f3gico, la Casa Municipal de Cultura (ex Orfe\u00f3n Espa\u00f1ol), Casapuerta (el principal centro de artesan\u00edas de la regi\u00f3n), Espacio Cultural Manzana 20, entre otros sitios emblem\u00e1ticos, es una de las opciones que ofrece Mercedes para descubrir su historia.\r\n\r\nAsimismo, la ciudad invita a adentrarse en la naturaleza, recorriendo senderos ecotur\u00edsticos de flora nativa y disfrutando de paseos n\u00e1uticos por el R\u00edo Negro y sus islas.\r\n\r\n<\/div>\r\n<div class=\"itemBody\">\r\n<div class=\"itemIntroText\"><section id=\"item-wrap\" class=\"destino-wrap\"><article>\r\n<h3>\u00a1No te pierdas!<\/h3>\r\n<div class=\"mas-visitados clearfix\">\r\n<figure><img class=\"circular-img\" src=\"https:\/\/uruguaynatural.com\/images\/destinos-destacados\/Atardecer_invernal_en_el_parque_guernica.jpg\" alt=\"\" \/><\/figure>\r\n<h4>Rambla costanera.<\/h4>\r\nCreada en 1912, es el escenario principal de la vida social de la capital, donde mercedarios de todas las edades se re\u00fanen para practicar deporte o tomar mate mirando el r\u00edo. A lo largo de sus 2 kil\u00f3metros de extensi\u00f3n, el paseo est\u00e1 decorado con esculturas, y una gran diversidad de \u00e1rboles aut\u00f3ctonos.\r\n\r\n<\/div>\r\n<div class=\"mas-visitados clearfix\">\r\n<figure><img class=\"circular-img\" src=\"https:\/\/uruguaynatural.com\/images\/destinos-destacados\/Frente_castillo_Mau\u00e1.JPG\" alt=\"\" \/><\/figure>\r\n<h4>Castillo Mau\u00e1.<\/h4>\r\nEste hist\u00f3rico palacio fue construido por el Bar\u00f3n de Mau\u00e1 entre 1857 y 1862, por el c\u00e9lebre\u00a0 bancario brasile\u00f1o que tuvo varios emprendimientos en Uruguay. En su planta baja se encuentra el Museo Paleontol\u00f3gico Alejandro Berro, mientras que en la planta alta, alberga una galer\u00eda de arte muy atractiva.\r\n\r\n<\/div>\r\n<div class=\"mas-visitados clearfix\">\r\n<figure><img class=\"circular-img\" src=\"https:\/\/uruguaynatural.com\/images\/destinos-destacados\/montevideo-pocitos.jpg\" alt=\"\" \/><\/figure>\r\n<h4>Teatro Municipal.<\/h4>\r\nEs uno de los principales teatros del interior de Uruguay, inaugurado en 1857. Tras un incendio en 1938, fue completamente restaurado y reabierto en 2009, manteniendo su encanto cl\u00e1sico pero con el equipamiento m\u00e1s avanzado. Hoy la sala tiene una interesante agenda de espect\u00e1culos.\r\n\r\n<\/div>\r\n<a href=\"http:\/\/www.soriano.gub.uy\" target=\"_blank\" rel=\"noopener\">www.soriano.gub.uy<\/a>\r\n<div class=\"module_round_box\">\r\n<div class=\"s5_module_box_1\">\r\n<div class=\"s5_module_box_2\">\r\n<div class=\"s5_outer\">\r\n<div class=\"custom\"><section id=\"modulo-wrap\" class=\"links-de-interes-wrap\"><a href=\"http:\/\/www.jazzalacalle.com.uy\" target=\"_blank\" rel=\"noopener\">www.jazzalacalle.com.uy<\/a><a href=\"http:\/\/www.villasoriano.com.uy\" target=\"_blank\" rel=\"noopener\">www.villasoriano.com.uy<\/a><\/section><\/div>\r\n<\/div>\r\n<div>\r\n<div class=\"s5_module_box_1\">\r\n<div class=\"s5_module_box_2\">\r\n<div class=\"s5_outer\">\r\n<div class=\"custom\"><section id=\"modulo-wrap\" class=\"links-de-interes-wrap\"><a href=\"https:\/\/www.facebook.com\/santacatalinapuebloturistico\" target=\"_blank\" rel=\"noopener\">Facebook Santa Catalina<\/a><\/section>\r\n<div class=\"s5_outer\">\r\n<div class=\"custom\"><section id=\"modulo-wrap\" class=\"informacion-turistica\"><b>Secretar\u00eda de Turismo Mercedes<\/b>Tel. (+598) 4532 2201 int. 2503 - (+598) 45322202 int. 2501\/2503<span id=\"cloake4f99dee25df01caab6a84eac9fcff55\"> <a href=\"mailto:turismo@soriano.gub.uy\">turismo@soriano.gub.uy<\/a><\/span>\r\n<b><\/b><b>Dolores<\/b>\r\nDirecci\u00f3n: P. Rico Puppo y C. P. Puig. Tel. (+598) 4534 5016<span id=\"cloak5d9159b5d1c4f1f2274aae17d423c79a\"> <a href=\"mailto:turismo.dolores@soriano.gub.uy\">turismo.dolores@soriano.gub.uy<\/a><\/span><\/section><\/div>\r\n<\/div>\r\n<\/div>\r\n<\/div>\r\n<\/div>\r\n<\/div>\r\n<\/div>\r\n<\/div>\r\n<\/div>\r\n<\/div>\r\n<\/article><\/section><\/div>\r\n<\/div>","primary_image":"[{\"id\":3129,\"url\":\"https:\/\/uruguaynatural.com\/wp-content\/uploads\/2023\/06\/mercedes.jpg\"}]","secondary_image":"[]","gallery_images":"[]","enable_map":"1","coord_lat":"","coord_lng":"","locations":"-33.25233288679994,-58.0221381521904","department":"Soriano","_links":{"self":[{"href":"https:\/\/uruguaynatural.com\/es\/wp-json\/wp\/v2\/places\/3126","targetHints":{"allow":["GET"]}}],"collection":[{"href":"https:\/\/uruguaynatural.com\/es\/wp-json\/wp\/v2\/places"}],"about":[{"href":"https:\/\/uruguaynatural.com\/es\/wp-json\/wp\/v2\/types\/places"}],"author":[{"embeddable":true,"href":"https:\/\/uruguaynatural.com\/es\/wp-json\/wp\/v2\/users\/2"}],"wp:attachment":[{"href":"https:\/\/uruguaynatural.com\/es\/wp-json\/wp\/v2\/media?parent=3126"}],"wp:term":[{"taxonomy":"place-categories","embeddable":true,"href":"https:\/\/uruguaynatural.com\/es\/wp-json\/wp\/v2\/place-categories?post=3126"}],"curies":[{"name":"wp","href":"https:\/\/api.w.org\/{rel}","templated":true}]}}

<div class="itemHeader"></div>
<div class="itemBody">
<div class="itemIntroText"><section id="item-wrap" class="destino-wrap"><article>Dada su privilegiada ubicación a orillas del Río Negro, Mercedes brinda un espacio ideal para la pesca, los deportes náuticos y para el descanso en medio de entornos naturales. Es la capital del departamento de Soriano y se halla sobre la ruta nacional n° 2 a 278 kilómetros de Montevideo, limitando con el departamento de Río Negro.</article></section></div>
</div>

<div class="itemHeader">

Destacada por su oferta de actividades náuticas y culturales, la ciudad ofrece la posibilidad de experimentar vivencias turísticas y recreativas, disfrutando del paisaje natural que ofrece el río, así como de la riqueza histórica y cultural de sus atractivos y festividades.

Realizar paseos en la ciudad, conociendo el ex edificio de la Sociedad Italiana, la Pinacoteca Eusebio Giménez, el Museo Paleontológico, la Casa Municipal de Cultura (ex Orfeón Español), Casapuerta (el principal centro de artesanías de la región), Espacio Cultural Manzana 20, entre otros sitios emblemáticos, es una de las opciones que ofrece Mercedes para descubrir su historia.

Asimismo, la ciudad invita a adentrarse en la naturaleza, recorriendo senderos ecoturísticos de flora nativa y disfrutando de paseos náuticos por el Río Negro y sus islas.

</div>
<div class="itemBody">
<div class="itemIntroText"><section id="item-wrap" class="destino-wrap"><article>
<h3>¡No te pierdas!</h3>
<div class="mas-visitados clearfix">
<figure><img class="circular-img" src="https://uruguaynatural.com/images/destinos-destacados/Atardecer_invernal_en_el_parque_guernica.jpg" alt="" /></figure>
<h4>Rambla costanera.</h4>
Creada en 1912, es el escenario principal de la vida social de la capital, donde mercedarios de todas las edades se reúnen para practicar deporte o tomar mate mirando el río. A lo largo de sus 2 kilómetros de extensión, el paseo está decorado con esculturas, y una gran diversidad de árboles autóctonos.

</div>
<div class="mas-visitados clearfix">
<figure><img class="circular-img" src="https://uruguaynatural.com/images/destinos-destacados/Frente_castillo_Mauá.JPG" alt="" /></figure>
<h4>Castillo Mauá.</h4>
Este histórico palacio fue construido por el Barón de Mauá entre 1857 y 1862, por el célebre  bancario brasileño que tuvo varios emprendimientos en Uruguay. En su planta baja se encuentra el Museo Paleontológico Alejandro Berro, mientras que en la planta alta, alberga una galería de arte muy atractiva.

</div>
<div class="mas-visitados clearfix">
<figure><img class="circular-img" src="https://uruguaynatural.com/images/destinos-destacados/montevideo-pocitos.jpg" alt="" /></figure>
<h4>Teatro Municipal.</h4>
Es uno de los principales teatros del interior de Uruguay, inaugurado en 1857. Tras un incendio en 1938, fue completamente restaurado y reabierto en 2009, manteniendo su encanto clásico pero con el equipamiento más avanzado. Hoy la sala tiene una interesante agenda de espectáculos.

</div>
<a href="http://www.soriano.gub.uy" target="_blank" rel="noopener">www.soriano.gub.uy</a>
<div class="module_round_box">
<div class="s5_module_box_1">
<div class="s5_module_box_2">
<div class="s5_outer">
<div class="custom"><section id="modulo-wrap" class="links-de-interes-wrap"><a href="http://www.jazzalacalle.com.uy" target="_blank" rel="noopener">www.jazzalacalle.com.uy</a><a href="http://www.villasoriano.com.uy" target="_blank" rel="noopener">www.villasoriano.com.uy</a></section></div>
</div>
<div>
<div class="s5_module_box_1">
<div class="s5_module_box_2">
<div class="s5_outer">
<div class="custom"><section id="modulo-wrap" class="links-de-interes-wrap"><a href="https://www.facebook.com/santacatalinapuebloturistico" target="_blank" rel="noopener">Facebook Santa Catalina</a></section>
<div class="s5_outer">
<div class="custom"><section id="modulo-wrap" class="informacion-turistica"><b>Secretaría de Turismo Mercedes</b>Tel. (+598) 4532 2201 int. 2503 - (+598) 45322202 int. 2501/2503<span id="cloake4f99dee25df01caab6a84eac9fcff55"> <a href="mailto:turismo@soriano.gub.uy">turismo@soriano.gub.uy</a></span>
<b></b><b>Dolores</b>
Dirección: P. Rico Puppo y C. P. Puig. Tel. (+598) 4534 5016<span id="cloak5d9159b5d1c4f1f2274aae17d423c79a"> <a href="mailto:turismo.dolores@soriano.gub.uy">turismo.dolores@soriano.gub.uy</a></span></section></div>
</div>
</div>
</div>
</div>
</div>
</div>
</div>
</div>
</div>
</article></section></div>
</div>
