{"id":8156,"date":"{\"dateEnabled\":false,\"start\":\"1970-01-01T00:00:00.000Z\",\"end\":\"1970-01-01T00:00:00.000Z\"}","date_gmt":"2026-04-24T17:51:38","guid":{"rendered":"http:\/\/uruguaynatural.com\/es\/experiences\/\/"},"modified":"2026-04-27T10:40:12","modified_gmt":"2026-04-27T13:40:12","slug":"tour-entre-cupulas-y-tango-la-historia-viva-del-palacio-salvo","status":"publish","type":"experiences","link":"https:\/\/uruguaynatural.com\/es\/experiences\/tour-entre-cupulas-y-tango-la-historia-viva-del-palacio-salvo\/","title":{"rendered":"Tour entre c\u00fapulas y tango: la historia viva del Palacio Salvo"},"author":5,"template":"","experience-categories":[17,29,30],"class_list":["post-8156","experiences","type-experiences","status-publish","hentry","experience-categories-cultura","experience-categories-museos","experience-categories-patrimonio"],"acf":[],"primary_title":"<h1><span class=\"highlight highlight--naranja\"><b>Tour entre c\u00fapulas y tango: la historia viva del Palacio Salvo<\/b><\/span><\/h1>","description":"Existe un edificio ic\u00f3nico que define el paisaje montevideano: el Palacio Salvo. Pero su valor va m\u00e1s all\u00e1 de su silueta reconocible: su impronta patrimonial, profundamente ligada al esp\u00edritu del siglo XX, sigue atrayendo a artistas y visitantes de todo el mundo. Hoy, es posible recorrerlo en un tour guiado o incluso alojarse en sus apartamentos para vivir una experiencia \u00fanica en la capital.","info":"<p class=\"western\" align=\"left\">Dise\u00f1ado por el arquitecto Mario Palanti e inaugurado en 1928, este edificio de estilo ecl\u00e9ctico fue concebido como el primer hotel de lujo de la ciudad a pedido de la familia Salvo, quienes eran inmigrantes italianos dedicados a la industria textil. Con sus 105 metros de altura, fue el edificio m\u00e1s alto de Sudam\u00e9rica hasta 1935, convirti\u00e9ndose en un s\u00edmbolo del progreso urbano de la \u00e9poca.<\/p>\r\n<p class=\"western\">El edificio fue tambi\u00e9n residencia de destacadas figuras como el m\u00fasico uruguayo Daniel Viglietti. En la actualidad, cerca de mil personas viven o trabajan en sus unidades, mientras que artistas contempor\u00e1neos como Ag\u00f3 P\u00e1ez Vilar\u00f3 o Paulinho Moska contin\u00faan encontrando inspiraci\u00f3n en sus espacios. Los visitantes, por su parte, pueden hospedarse all\u00ed y revivir la atm\u00f3sfera de una \u00e9poca marcada por la industrializaci\u00f3n y las corrientes liberales.<\/p>\r\n<p class=\"western\">En sus \u201cvitraux\u201d se despliegan fragmentos de la historia de la familia Salvo, as\u00ed como referencias a la teor\u00eda de la evoluci\u00f3n de Charles Darwin, presentes en algunos detalles simb\u00f3licos de su arquitectura. En la c\u00fapula funcion\u00f3 antiguamente un faro, y en su torre se instal\u00f3 el servicio de vig\u00eda del puerto de Montevideo, operativo hasta fines de la d\u00e9cada de 1960.<\/p>\r\n\r\n<h3 class=\"western\">Museo del Tango<\/h3>\r\n<p class=\"western\">Declarado Monumento Hist\u00f3rico Nacional en 1996, el Palacio Salvo guarda un cap\u00edtulo fundamental de la cultura rioplatense: aqu\u00ed son\u00f3 por primera vez el tango La Cumparsita, compuesta por Gerardo Matos Rodr\u00edguez. En el lugar donde funcionaba la hist\u00f3rica confiter\u00eda La Giralda, hoy se encuentra el Museo del Tango, incluido dentro del recorrido guiado.<\/p>\r\n<p class=\"western\">El tour, de aproximadamente 45 minutos, permite descubrir distintos espacios del edificio: su fachada, la azotea, el mirador con vistas \u00fanicas de la ciudad, el museo y otros pisos destacados. En su interior, el museo recrea la atm\u00f3sfera de los caf\u00e9s de principios del siglo XX, con objetos originales como vitrolas en funcionamiento, discos de \u00e9poca y el piano del antiguo caf\u00e9 Sorocabana, adem\u00e1s de una escultura que evoca momentos de creaci\u00f3n de Matos.<\/p>\r\n<p class=\"western\" align=\"left\">Recorrer el Palacio Salvo es conectar con la historia, la arquitectura y la identidad cultural del Uruguay en un solo lugar.<\/p>\r\n<p class=\"western\" align=\"left\"><b>Datos \u00fatiles<\/b><\/p>\r\n<p class=\"western\" align=\"left\">IG: <a href=\"https:\/\/www.instagram.com\/palaciosalvo_\/\">@PalacioSalvo_<\/a><\/p>\r\n<p class=\"western\" align=\"left\">Consultas por visitas al WhatsApp: 097 734 525<\/p>\r\n<p class=\"western\" align=\"left\">Direcci\u00f3n: Plaza Independencia 848<\/p>\r\n<p class=\"western\" align=\"left\">Reservas en <a href=\"https:\/\/redtickets.uy\/\">RedTickets<\/a><\/p>\r\n<p class=\"western\" align=\"left\"><span style=\"color: #000080;\">\u00a0<\/span><\/p>","highlights":"","primary_image":"[{\"id\":8157,\"url\":\"https:\/\/uruguaynatural.com\/wp-content\/uploads\/2026\/04\/LEO8343-scaled.jpg\"}]","secondary_image":"[{\"id\":8158,\"url\":\"http:\/\/uruguaynatural.com\/wp-content\/uploads\/2026\/04\/CabezalSalvo_LEO8343.jpg\"}]","gallery_images":"[{\"id\":8159,\"url\":\"http:\/\/uruguaynatural.com\/wp-content\/uploads\/2026\/04\/Vitraux-580x300-DSC_0028.jpg\"},{\"id\":8160,\"url\":\"http:\/\/uruguaynatural.com\/wp-content\/uploads\/2026\/04\/Bailarines-580x387-DSC_0145.jpg\"},{\"id\":8161,\"url\":\"http:\/\/uruguaynatural.com\/wp-content\/uploads\/2026\/04\/580x403_LEO8664.jpg\"},{\"id\":8163,\"url\":\"http:\/\/uruguaynatural.com\/wp-content\/uploads\/2026\/04\/LEO8678-scaled.jpg\"},{\"id\":8168,\"url\":\"http:\/\/uruguaynatural.com\/wp-content\/uploads\/2026\/04\/373x330-Partitura_LEO8685.jpg\"},{\"id\":8157,\"url\":\"http:\/\/uruguaynatural.com\/wp-content\/uploads\/2026\/04\/LEO8343-scaled.jpg\"}]","enable_map":"","coord_lat":"","coord_lng":"","locations":"-34.906479,-56.1985093","department":"Montevideo","places":"[{\"id\":2556,\"link\":\"http:\/\/uruguaynatural.com\/es\/places\/atlantida\/\",\"title\":\"Atl\u00e1ntida\",\"description\":\"Atl\u00e1ntida, la capital tur\u00edstica de la Costa de Oro, tiene el encanto de lo agreste y la comodidad de los servicios de una ciudad. El balneario, que en 2011 cumpli\u00f3 100 a\u00f1os, invita por igual al descanso en sus playas y parques, como a la contemplaci\u00f3n de sus calles y edificaciones antiguas cargadas de historias pintorescas.\\r\\nAs\u00ed, alguna vez Atl\u00e1ntida fue musa inspiradora y refugio para un amor clandestino del poeta chileno Pablo Neruda con Matilde Urrutia, la que luego ser\u00eda su tercera esposa.\\r\\n\\r\\nEl poeta nombraba al balneario como Datitla, manteniendo en secreto del mundo el lugar de sus escapadas amorosas.Entre los visitantes ilustres del balneario figuran nombres tan diversos como el actor Luis Sandrini, el cantante Hugo del Carril o el poeta espa\u00f1ol Federico Garc\u00eda Lorca.\\r\\n\\r\\nEn el presente, sus residencias enjardinadas, su belleza natural, y el romanticismo de sus estilos arquitect\u00f3nicos, lo convierten en uno de los destinos favoritos de miles de uruguayos.\\r\\nSus dos playas, se caracterizan por bosques de pinos y eucaliptos que le regalan al turista un reparo inigualable del sol veraniego. La Mansa al Oeste, tiene un mar calmo y es la preferida por el p\u00fablico familiar; en tanto La Brava al Este es la elegida por los surfistas que llegan en busca de sus fuertes olas.\\r\\n\\r\\nSon playas amplias y extensas, de arenas blancas y finas, que cuentan con una excelente infraestructura dedicada para satisfacer las necesidades de los turistas. La movida nocturna, con un fuerte polo gastron\u00f3mico y varios pubs y discotecas, constituye otro de los atractivos de la ciudad balnearia.\\r\\n\\r\\nApenas a 45 minutos de Montevideo, Atl\u00e1ntida, constituye un remanso imperdible para los amantes de la poes\u00eda, la literatura y la historia.\",\"primary_image\":\"http:\/\/uruguaynatural.com\/wp-content\/uploads\/2023\/06\/Atlantida2-scaled.jpg\"}]","date_enabled":"","start_date":"0","end_date":"0","_links":{"self":[{"href":"https:\/\/uruguaynatural.com\/es\/wp-json\/wp\/v2\/experiences\/8156","targetHints":{"allow":["GET"]}}],"collection":[{"href":"https:\/\/uruguaynatural.com\/es\/wp-json\/wp\/v2\/experiences"}],"about":[{"href":"https:\/\/uruguaynatural.com\/es\/wp-json\/wp\/v2\/types\/experiences"}],"author":[{"embeddable":true,"href":"https:\/\/uruguaynatural.com\/es\/wp-json\/wp\/v2\/users\/5"}],"wp:attachment":[{"href":"https:\/\/uruguaynatural.com\/es\/wp-json\/wp\/v2\/media?parent=8156"}],"wp:term":[{"taxonomy":"experience-categories","embeddable":true,"href":"https:\/\/uruguaynatural.com\/es\/wp-json\/wp\/v2\/experience-categories?post=8156"}],"curies":[{"name":"wp","href":"https:\/\/api.w.org\/{rel}","templated":true}]}}

Tour entre cúpulas y tango: la historia viva del Palacio Salvo

<h1><span class="highlight highlight--naranja"><b>Tour entre cúpulas y tango: la historia viva del Palacio Salvo</b></span></h1>

Existe un edificio icónico que define el paisaje montevideano: el Palacio Salvo. Pero su valor va más allá de su silueta reconocible: su impronta patrimonial, profundamente ligada al espíritu del siglo XX, sigue atrayendo a artistas y visitantes de todo el mundo. Hoy, es posible recorrerlo en un tour guiado o incluso alojarse en sus apartamentos para vivir una experiencia única en la capital.

<p class="western" align="left">Diseñado por el arquitecto Mario Palanti e inaugurado en 1928, este edificio de estilo ecléctico fue concebido como el primer hotel de lujo de la ciudad a pedido de la familia Salvo, quienes eran inmigrantes italianos dedicados a la industria textil. Con sus 105 metros de altura, fue el edificio más alto de Sudamérica hasta 1935, convirtiéndose en un símbolo del progreso urbano de la época.</p>
<p class="western">El edificio fue también residencia de destacadas figuras como el músico uruguayo Daniel Viglietti. En la actualidad, cerca de mil personas viven o trabajan en sus unidades, mientras que artistas contemporáneos como Agó Páez Vilaró o Paulinho Moska continúan encontrando inspiración en sus espacios. Los visitantes, por su parte, pueden hospedarse allí y revivir la atmósfera de una época marcada por la industrialización y las corrientes liberales.</p>
<p class="western">En sus “vitraux” se despliegan fragmentos de la historia de la familia Salvo, así como referencias a la teoría de la evolución de Charles Darwin, presentes en algunos detalles simbólicos de su arquitectura. En la cúpula funcionó antiguamente un faro, y en su torre se instaló el servicio de vigía del puerto de Montevideo, operativo hasta fines de la década de 1960.</p>

<h3 class="western">Museo del Tango</h3>
<p class="western">Declarado Monumento Histórico Nacional en 1996, el Palacio Salvo guarda un capítulo fundamental de la cultura rioplatense: aquí sonó por primera vez el tango La Cumparsita, compuesta por Gerardo Matos Rodríguez. En el lugar donde funcionaba la histórica confitería La Giralda, hoy se encuentra el Museo del Tango, incluido dentro del recorrido guiado.</p>
<p class="western">El tour, de aproximadamente 45 minutos, permite descubrir distintos espacios del edificio: su fachada, la azotea, el mirador con vistas únicas de la ciudad, el museo y otros pisos destacados. En su interior, el museo recrea la atmósfera de los cafés de principios del siglo XX, con objetos originales como vitrolas en funcionamiento, discos de época y el piano del antiguo café Sorocabana, además de una escultura que evoca momentos de creación de Matos.</p>
<p class="western" align="left">Recorrer el Palacio Salvo es conectar con la historia, la arquitectura y la identidad cultural del Uruguay en un solo lugar.</p>
<p class="western" align="left"><b>Datos útiles</b></p>
<p class="western" align="left">IG: <a href="https://www.instagram.com/palaciosalvo_/">@PalacioSalvo_</a></p>
<p class="western" align="left">Consultas por visitas al WhatsApp: 097 734 525</p>
<p class="western" align="left">Dirección: Plaza Independencia 848</p>
<p class="western" align="left">Reservas en <a href="https://redtickets.uy/">RedTickets</a></p>
<p class="western" align="left"><span style="color: #000080;"> </span></p>

[{"id":2556,"link":"http://uruguaynatural.com/es/places/atlantida/","title":"Atlántida","description":"Atlántida, la capital turística de la Costa de Oro, tiene el encanto de lo agreste y la comodidad de los servicios de una ciudad. El balneario, que en 2011 cumplió 100 años, invita por igual al descanso en sus playas y parques, como a la contemplación de sus calles y edificaciones antiguas cargadas de historias pintorescas.\r\nAsí, alguna vez Atlántida fue musa inspiradora y refugio para un amor clandestino del poeta chileno Pablo Neruda con Matilde Urrutia, la que luego sería su tercera esposa.\r\n\r\nEl poeta nombraba al balneario como Datitla, manteniendo en secreto del mundo el lugar de sus escapadas amorosas.Entre los visitantes ilustres del balneario figuran nombres tan diversos como el actor Luis Sandrini, el cantante Hugo del Carril o el poeta español Federico García Lorca.\r\n\r\nEn el presente, sus residencias enjardinadas, su belleza natural, y el romanticismo de sus estilos arquitectónicos, lo convierten en uno de los destinos favoritos de miles de uruguayos.\r\nSus dos playas, se caracterizan por bosques de pinos y eucaliptos que le regalan al turista un reparo inigualable del sol veraniego. La Mansa al Oeste, tiene un mar calmo y es la preferida por el público familiar; en tanto La Brava al Este es la elegida por los surfistas que llegan en busca de sus fuertes olas.\r\n\r\nSon playas amplias y extensas, de arenas blancas y finas, que cuentan con una excelente infraestructura dedicada para satisfacer las necesidades de los turistas. La movida nocturna, con un fuerte polo gastronómico y varios pubs y discotecas, constituye otro de los atractivos de la ciudad balnearia.\r\n\r\nApenas a 45 minutos de Montevideo, Atlántida, constituye un remanso imperdible para los amantes de la poesía, la literatura y la historia.","primary_image":"http://uruguaynatural.com/wp-content/uploads/2023/06/Atlantida2-scaled.jpg"}]
