{"id":4725,"date":"{\"dateEnabled\":false,\"start\":\"1970-01-01T00:00:00.000Z\",\"end\":\"1970-01-01T00:00:00.000Z\"}","date_gmt":"2024-07-17T17:09:54","guid":{"rendered":"http:\/\/uruguaynatural.com\/es\/experiences\/\/"},"modified":"2024-07-19T12:18:49","modified_gmt":"2024-07-19T15:18:49","slug":"siguiendo-las-huellas-de-los-jesuitas","status":"publish","type":"experiences","link":"https:\/\/uruguaynatural.com\/es\/experiences\/siguiendo-las-huellas-de-los-jesuitas\/","title":{"rendered":"Siguiendo las huellas de los jesuitas"},"author":5,"template":"","experience-categories":[17,21,30],"class_list":["post-4725","experiences","type-experiences","status-publish","hentry","experience-categories-cultura","experience-categories-multidestino","experience-categories-patrimonio"],"acf":[],"primary_title":"<h1><span class=\"highlight highlight--violeta\">Siguiendo las huellas de los jesuitas<\/span><\/h1>","description":"Al seguir el eje principal por Rutas Nacionales N\u00ba 5, 6 y 7 pod\u00e9s econtrarte con el legado art\u00edstico y cultural que dejaron los misioneros jesuitas y fundamentalmente con sus pintorescos cascos de estancia, testigos silenciosos de la forma de vida de los misioneros e indios de siglos pasados.","info":"Una parada ineludible, es la visita a la <b>Estancia <\/b><b>de Bel\u00e9n<\/b>, m\u00e1s com\u00fanmente conocida como La Calera de las Hu\u00e9rfanas, con su antiguo casco, fiel testimonio de los enceres de la vida de los jesuitas.\r\n\r\nConstruida en 1741 por la Compa\u00f1\u00eda de Jes\u00fas como estancia productiva para abastecer sus misiones, residencias y colegios, en sus or\u00edgenes fue conocida como la Estancia del R\u00edo de las Vacas o Estancia de Bel\u00e9n.\r\n\r\nDeclarada Monumento Hist\u00f3rico Nacional, Calera de las Hu\u00e9rfanas es un patrimonio que habla por s\u00ed solo. Incluye una antiqu\u00edsima capilla, restos de otras construcciones, hornos de cal y de tejas, una sala de interpretaci\u00f3n y hasta un sendero de monte nativo. La Sala de Interpretaci\u00f3n re\u00fane 144 piezas, buena parte del material encontrado durante las excavaciones arqueol\u00f3gicas, tambi\u00e9n se presenta el proceso de reconstrucci\u00f3n y sus etapas.\r\n\r\n<b>Datos \u00fatiles<\/b>\r\n\r\nContacto: (+598) 98 035 773 \/ arispesil@gmail.com\r\n\r\nDirecci\u00f3n: Ruta 21, km 241, Colonia. Indicaciones: doblar en direcci\u00f3n norte y hacer 4 km por el Camino Juan de San Mart\u00edn. Est\u00e1 a unos 15 kil\u00f3metros al sureste de Carmelo.\r\n\r\nHorario: mi\u00e9rcoles a domingos de 14:00 a 18:00 \/ Semana de Turismo: todos los d\u00edas de 10:00 a 18:00.\r\n\r\n<center><iframe title=\"YouTube video player\" src=\"https:\/\/www.youtube.com\/embed\/gbDpmibJhvQ?si=hz4wAl94MtTy9_6j\" width=\"900\" height=\"506\" frameborder=\"0\" allowfullscreen=\"allowfullscreen\"><\/iframe><\/center><a href=\"https:\/\/www.caminodelosjesuitas.com\/atractivo-turistico\/calera-de-las-huerfanas\/?_gl=1*1pn9bdo*_up*MQ..*_ga*MzExNTIzNzUuMTcyMTIyNzYxOA..*_ga_D7VYBKJXX3*MTcyMTIyNzYxNy4xLjAuMTcyMTIyNzYxNy4wLjAuMA..\">M\u00e1s info<\/a>\r\n\r\n<a href=\"https:\/\/www.portaldecolonia.com.uy\/es\/servicios\/paseos-actividades\/calera-de-las-huerfanas\">Saber m\u00e1s<\/a>\r\n<h2><b>POR FLORIDA<\/b><\/h2>\r\nLa <b>Estancia Reboledo<\/b>, con su Casco del S. XIX, es otro de los puntos imperdibles. Su mirador fue un antiguo puesto jesu\u00edtico de la Estancia La Calera del S.XVIII por su estrat\u00e9gica posici\u00f3n en la zona, y lugar de encuentro y negociaci\u00f3n de paz durante la revoluci\u00f3n de 1827 entre Pedro Etchegaray y Aparicio Saravia.\r\n\r\nEl casco de <b>Estancia \u201cEl Chaj\u00e1\u201d<\/b>, ubicado sobre la Ruta Nacional N\u00ba 6, que en el siglo XIX funcionaba como herrer\u00eda de piedra hoy en un centro recreativo y educativo d\u00f3nde se puede almorzar y alojarse disfrutando de magn\u00edficas instalaciones.\r\n\r\nLa <b>Estancia Santa Clara<\/b>, por otra parte, es un majestuosa obra arquitect\u00f3nica, que seduce al visitante con su estilo franc\u00e9s, de la belle \u2013 \u00e9poque. En sus campos y en un entorno muy agreste sobre el arroyo Timote, se conservan unas ruinas de lo que fue una de las primeras agroindustrias con las que cont\u00f3 el pa\u00eds.\r\n\r\nMuy cerca, es posible visitar la antigua <b>graser\u00eda de los Jackson<\/b>, donde se derret\u00eda la grasa animal para fabricar velas y jabones y que durante el siglo XVII oper\u00f3 como puesto jesuita.\r\n\r\nSiguiendo por esta ruta llena de cultura e historia, se encuentran varios establecimientos rurales que se formaron en el S. XIX, cuyos campos eran parte de la Estancia de los Jesuitas, denominados \u201cPastores de la Calera\u201d. Algunas son: El Tornero, Las Rosas, San Pedro de Timote.\r\n\r\n<b>Datos \u00fatiles<\/b>\r\n\r\nRecomendamos coordinar este paseo con la Divisi\u00f3n de Turismo de Florida.\r\n\r\nAv. Wilson Ferreira Aldunate esq. Aparicio Saravia s\/n.\r\n\r\nContacto: (+598) 4352- 1738\r\n\r\n<a href=\"https:\/\/www.gub.uy\/intendencia-florida\/turismo\">+ info<\/a>\r\n\r\n<a href=\"https:\/\/www.instagram.com\/turismo.florida\/?hl=es-la\">IG\u00a0<\/a>\r\n\r\n&nbsp;","highlights":"","primary_image":"[{\"id\":4726,\"url\":\"https:\/\/uruguaynatural.com\/wp-content\/uploads\/2024\/07\/WhatsApp-Image-2024-07-17-at-13.40.28.jpeg\"}]","secondary_image":"[{\"id\":4730,\"url\":\"http:\/\/uruguaynatural.com\/wp-content\/uploads\/2024\/07\/CaleraNocheDSC_0394-1440-957.jpg\"}]","gallery_images":"[{\"id\":4726,\"url\":\"http:\/\/uruguaynatural.com\/wp-content\/uploads\/2024\/07\/WhatsApp-Image-2024-07-17-at-13.40.28.jpeg\"},{\"id\":4727,\"url\":\"http:\/\/uruguaynatural.com\/wp-content\/uploads\/2024\/07\/CDH5.jpeg\"},{\"id\":4728,\"url\":\"http:\/\/uruguaynatural.com\/wp-content\/uploads\/2024\/07\/WhatsApp-Image-2024-07-17-at-12.58.49-2.jpeg\"},{\"id\":4731,\"url\":\"http:\/\/uruguaynatural.com\/wp-content\/uploads\/2024\/07\/CaleraNocheDSC_0394-1440-957-1.jpg\"}]","enable_map":"","coord_lat":"","coord_lng":"","locations":"-34.02590350000001,-58.17636520000001|-34.0944617,-56.2185912","department":"Montevideo","places":"[{\"id\":3336,\"link\":\"http:\/\/uruguaynatural.com\/%places-slug%\/flores\/\",\"title\":\"Flores\",\"description\":\"Ubicado en el centro del pa\u00eds Flores ofrece una diversificada oferta de espacios naturales propicios para el turismo aventura, la recreaci\u00f3n, el descanso y la tranquilidad. Sus praderas naturales, los grandes lagos situados al norte del departamento, y la espectacular Reserva de Flora y Fauna Dr. Rodolfo Talice, permiten vivenciar un contacto \u00edntimo y profundo con la naturaleza.\\r\\n\\r\\nLos establecimientos y las estancias rurales conservan todav\u00eda sus entra\u00f1ables y ricas tradiciones, ofreciendo c\u00e1lidos alojamientos y una excelente gastronom\u00eda t\u00edpica. Los visitantes pueden participar de las actividades m\u00e1s representativas de la agropecuaria y el folclore nacional, adem\u00e1s de pasear en bote, cabalgar y realizar mountain bike, entre otras placenteras opciones.\\r\\n\\r\\nLas empresas locales conjuntamente con la Intendencia, han realizado denodados esfuerzos por brindar mejores alternativas en cuanto a precio y calidad, de modo tal que no existen excusas para el disfrute de estas experiencias.\\r\\n\\r\\nA pesar de ser el departamento uruguayo m\u00e1s joven y uno de los m\u00e1s peque\u00f1os, las tierras de Flores son ricas en antiguas leyendas y grandes tesoros arqueol\u00f3gicos y geol\u00f3gicos todav\u00eda por descubrir. Flores cuenta con un geoparque, Grutas del Palacio. Lo invitamos a descubrir este m\u00e1gico puente entre la naturaleza, la comunidad y la ciencia. Tenga en cuenta, que para conocer los distintos geositios en su totalidad necesitar\u00e1 m\u00e1s de un d\u00eda y en muchos casos, de coordinaciones previas.\\r\\n\\r\\nFuente: <a href=\\\"https:\/\/www.flores.gub.uy\/turismo\\\">Intendencia de Flores<\/a>\\r\\n\\r\\n[embed]https:\/\/www.youtube.com\/watch?v=Nhlj_ECN15c[\/embed]\",\"primary_image\":\"http:\/\/uruguaynatural.com\/wp-content\/uploads\/2023\/09\/JavierVillasuso_GEOPARQUETALICE_2019_17.jpg\"},{\"id\":2567,\"link\":\"http:\/\/uruguaynatural.com\/%places-slug%\/carmelo\/\",\"title\":\"Carmelo\",\"description\":\"Hacia el oeste de Colonia del Sacramento, por la ruta 21, se llega a la ciudad de Carmelo.Esta ciudad, cuya fundaci\u00f3n se remonta a 1816, se enorgullece en tener como fundador al General Jos\u00e9 Gervasio Artigas, pr\u00f3cer de la patria.Poseedora de un entorno natural colmado de belleza y serenidad, durante a\u00f1os Carmelo ha seducido a miles de turistas que buscan descanso, tranquilidad, belleza y comodidad.Su atracadero de yates y la extensa zona de playas que posee atraen a los aficionados a los deportes n\u00e1uticos y de playa.Adem\u00e1s, en su entorno se ubican varias de las Bodegas Tur\u00edsticas que ya se han consolidado como importante atractivo del Departamento de Colonia, y que siguiendo las m\u00e1s viejas tradiciones europeas elaboran deliciosos vinos de nivel internacional.Entre sus varios atractivos se encuentra, adem\u00e1s, su caracter\u00edstico puente giratorio, que cruza el arroyo Las Vacas y que es el \u00fanico a tracci\u00f3n humana de Sudam\u00e9rica; las ruinas jesu\u00edticas de la estancia de Bel\u00e9n, conocidas como Calera de las Hu\u00e9rfanas; y la estancia Narbona, que es el edificio m\u00e1s antiguo del Uruguay que se conserva en sus lineamientos originales. Con su belleza natural y su historia, Carmelo es sin duda un lugar que invita a disfrutar.\",\"primary_image\":\"http:\/\/uruguaynatural.com\/wp-content\/uploads\/2023\/06\/LEO8806-scaled.jpg\"}]","date_enabled":"","start_date":"0","end_date":"0","_links":{"self":[{"href":"https:\/\/uruguaynatural.com\/es\/wp-json\/wp\/v2\/experiences\/4725","targetHints":{"allow":["GET"]}}],"collection":[{"href":"https:\/\/uruguaynatural.com\/es\/wp-json\/wp\/v2\/experiences"}],"about":[{"href":"https:\/\/uruguaynatural.com\/es\/wp-json\/wp\/v2\/types\/experiences"}],"author":[{"embeddable":true,"href":"https:\/\/uruguaynatural.com\/es\/wp-json\/wp\/v2\/users\/5"}],"wp:attachment":[{"href":"https:\/\/uruguaynatural.com\/es\/wp-json\/wp\/v2\/media?parent=4725"}],"wp:term":[{"taxonomy":"experience-categories","embeddable":true,"href":"https:\/\/uruguaynatural.com\/es\/wp-json\/wp\/v2\/experience-categories?post=4725"}],"curies":[{"name":"wp","href":"https:\/\/api.w.org\/{rel}","templated":true}]}}

Al seguir el eje principal por Rutas Nacionales Nº 5, 6 y 7 podés econtrarte con el legado artístico y cultural que dejaron los misioneros jesuitas y fundamentalmente con sus pintorescos cascos de estancia, testigos silenciosos de la forma de vida de los misioneros e indios de siglos pasados.

Una parada ineludible, es la visita a la <b>Estancia </b><b>de Belén</b>, más comúnmente conocida como La Calera de las Huérfanas, con su antiguo casco, fiel testimonio de los enceres de la vida de los jesuitas.

Construida en 1741 por la Compañía de Jesús como estancia productiva para abastecer sus misiones, residencias y colegios, en sus orígenes fue conocida como la Estancia del Río de las Vacas o Estancia de Belén.

Declarada Monumento Histórico Nacional, Calera de las Huérfanas es un patrimonio que habla por sí solo. Incluye una antiquísima capilla, restos de otras construcciones, hornos de cal y de tejas, una sala de interpretación y hasta un sendero de monte nativo. La Sala de Interpretación reúne 144 piezas, buena parte del material encontrado durante las excavaciones arqueológicas, también se presenta el proceso de reconstrucción y sus etapas.

<b>Datos útiles</b>

Contacto: (+598) 98 035 773 / arispesil@gmail.com

Dirección: Ruta 21, km 241, Colonia. Indicaciones: doblar en dirección norte y hacer 4 km por el Camino Juan de San Martín. Está a unos 15 kilómetros al sureste de Carmelo.

Horario: miércoles a domingos de 14:00 a 18:00 / Semana de Turismo: todos los días de 10:00 a 18:00.

<center><iframe title="YouTube video player" src="https://www.youtube.com/embed/gbDpmibJhvQ?si=hz4wAl94MtTy9_6j" width="900" height="506" frameborder="0" allowfullscreen="allowfullscreen"></iframe></center><a href="https://www.caminodelosjesuitas.com/atractivo-turistico/calera-de-las-huerfanas/?_gl=1*1pn9bdo*_up*MQ..*_ga*MzExNTIzNzUuMTcyMTIyNzYxOA..*_ga_D7VYBKJXX3*MTcyMTIyNzYxNy4xLjAuMTcyMTIyNzYxNy4wLjAuMA..">Más info</a>

<a href="https://www.portaldecolonia.com.uy/es/servicios/paseos-actividades/calera-de-las-huerfanas">Saber más</a>
<h2><b>POR FLORIDA</b></h2>
La <b>Estancia Reboledo</b>, con su Casco del S. XIX, es otro de los puntos imperdibles. Su mirador fue un antiguo puesto jesuítico de la Estancia La Calera del S.XVIII por su estratégica posición en la zona, y lugar de encuentro y negociación de paz durante la revolución de 1827 entre Pedro Etchegaray y Aparicio Saravia.

El casco de <b>Estancia “El Chajá”</b>, ubicado sobre la Ruta Nacional Nº 6, que en el siglo XIX funcionaba como herrería de piedra hoy en un centro recreativo y educativo dónde se puede almorzar y alojarse disfrutando de magníficas instalaciones.

La <b>Estancia Santa Clara</b>, por otra parte, es un majestuosa obra arquitectónica, que seduce al visitante con su estilo francés, de la belle – époque. En sus campos y en un entorno muy agreste sobre el arroyo Timote, se conservan unas ruinas de lo que fue una de las primeras agroindustrias con las que contó el país.

Muy cerca, es posible visitar la antigua <b>grasería de los Jackson</b>, donde se derretía la grasa animal para fabricar velas y jabones y que durante el siglo XVII operó como puesto jesuita.

Siguiendo por esta ruta llena de cultura e historia, se encuentran varios establecimientos rurales que se formaron en el S. XIX, cuyos campos eran parte de la Estancia de los Jesuitas, denominados “Pastores de la Calera”. Algunas son: El Tornero, Las Rosas, San Pedro de Timote.

<b>Datos útiles</b>

Recomendamos coordinar este paseo con la División de Turismo de Florida.

Av. Wilson Ferreira Aldunate esq. Aparicio Saravia s/n.

Contacto: (+598) 4352- 1738

<a href="https://www.gub.uy/intendencia-florida/turismo">+ info</a>

<a href="https://www.instagram.com/turismo.florida/?hl=es-la">IG </a>

&nbsp;

[{"id":3336,"link":"http://uruguaynatural.com/%places-slug%/flores/","title":"Flores","description":"Ubicado en el centro del país Flores ofrece una diversificada oferta de espacios naturales propicios para el turismo aventura, la recreación, el descanso y la tranquilidad. Sus praderas naturales, los grandes lagos situados al norte del departamento, y la espectacular Reserva de Flora y Fauna Dr. Rodolfo Talice, permiten vivenciar un contacto íntimo y profundo con la naturaleza.\r\n\r\nLos establecimientos y las estancias rurales conservan todavía sus entrañables y ricas tradiciones, ofreciendo cálidos alojamientos y una excelente gastronomía típica. Los visitantes pueden participar de las actividades más representativas de la agropecuaria y el folclore nacional, además de pasear en bote, cabalgar y realizar mountain bike, entre otras placenteras opciones.\r\n\r\nLas empresas locales conjuntamente con la Intendencia, han realizado denodados esfuerzos por brindar mejores alternativas en cuanto a precio y calidad, de modo tal que no existen excusas para el disfrute de estas experiencias.\r\n\r\nA pesar de ser el departamento uruguayo más joven y uno de los más pequeños, las tierras de Flores son ricas en antiguas leyendas y grandes tesoros arqueológicos y geológicos todavía por descubrir. Flores cuenta con un geoparque, Grutas del Palacio. Lo invitamos a descubrir este mágico puente entre la naturaleza, la comunidad y la ciencia. Tenga en cuenta, que para conocer los distintos geositios en su totalidad necesitará más de un día y en muchos casos, de coordinaciones previas.\r\n\r\nFuente: <a href=\"https://www.flores.gub.uy/turismo\">Intendencia de Flores</a>\r\n\r\n[embed]https://www.youtube.com/watch?v=Nhlj_ECN15c[/embed]","primary_image":"http://uruguaynatural.com/wp-content/uploads/2023/09/JavierVillasuso_GEOPARQUETALICE_2019_17.jpg"},{"id":2567,"link":"http://uruguaynatural.com/%places-slug%/carmelo/","title":"Carmelo","description":"Hacia el oeste de Colonia del Sacramento, por la ruta 21, se llega a la ciudad de Carmelo.Esta ciudad, cuya fundación se remonta a 1816, se enorgullece en tener como fundador al General José Gervasio Artigas, prócer de la patria.Poseedora de un entorno natural colmado de belleza y serenidad, durante años Carmelo ha seducido a miles de turistas que buscan descanso, tranquilidad, belleza y comodidad.Su atracadero de yates y la extensa zona de playas que posee atraen a los aficionados a los deportes náuticos y de playa.Además, en su entorno se ubican varias de las Bodegas Turísticas que ya se han consolidado como importante atractivo del Departamento de Colonia, y que siguiendo las más viejas tradiciones europeas elaboran deliciosos vinos de nivel internacional.Entre sus varios atractivos se encuentra, además, su característico puente giratorio, que cruza el arroyo Las Vacas y que es el único a tracción humana de Sudamérica; las ruinas jesuíticas de la estancia de Belén, conocidas como Calera de las Huérfanas; y la estancia Narbona, que es el edificio más antiguo del Uruguay que se conserva en sus lineamientos originales. Con su belleza natural y su historia, Carmelo es sin duda un lugar que invita a disfrutar.","primary_image":"http://uruguaynatural.com/wp-content/uploads/2023/06/LEO8806-scaled.jpg"}]
