{"id":8144,"date":"{\"dateEnabled\":true,\"start\":\"2026-05-02T11:00:00.000Z\",\"end\":\"2026-05-03T23:00:00.000Z\"}","date_gmt":"2026-04-16T20:24:00","guid":{"rendered":"http:\/\/uruguaynatural.com\/es\/events\/\/"},"modified":"2026-04-16T17:24:00","modified_gmt":"2026-04-16T20:24:00","slug":"rivera-sera-sede-del-5-desafio-internacional-de-voleibol-femenino","status":"publish","type":"events","link":"https:\/\/uruguaynatural.com\/en\/events\/rivera-sera-sede-del-5-desafio-internacional-de-voleibol-femenino\/","title":{"rendered":"Rivera ser\u00e1 sede del 5\u00b0 Desaf\u00edo Internacional de Voleibol femenino"},"author":7,"template":"","event-categories":[155,138],"class_list":["post-8144","events","type-events","status-publish","hentry","event-categories-evento-declarado-de-interes","event-categories-region-norte"],"acf":[],"primary_content":"<p align=\"justify\"><span style=\"font-family: ARial, sans-serif;\">Los d\u00edas 2 y 3 de mayo, de 08:00 a 20:00, el Club Sarand\u00ed Universitario de Rivera ser\u00e1 escenario de este torneo que reunir\u00e1 a 24 equipos de Uruguay y Brasil en categor\u00edas formativas Sub 15 y Sub 18.<\/span><\/p>\r\n<p align=\"justify\"><span style=\"font-family: ARial, sans-serif;\">La propuesta convocar\u00e1 a j\u00f3venes jugadoras en una instancia que combinar\u00e1 competencia y formaci\u00f3n, con el objetivo de impulsar el desarrollo t\u00e9cnico y deportivo, as\u00ed como la promoci\u00f3n de valores como el respeto, el compa\u00f1erismo, la disciplina y el juego limpio.<\/span><\/p>\r\n<p align=\"justify\"><span style=\"font-family: ARial, sans-serif;\">Adem\u00e1s tambi\u00e9n propiciar\u00e1 el intercambio cultural y deportivo entre ambos pa\u00edses, en un entorno que favorecer\u00e1 el aprendizaje y la experiencia de las participantes en etapas clave de su crecimiento.<\/span><\/p>\r\n<p align=\"justify\"><span style=\"font-family: ARial, sans-serif;\">Se estima la llegada de m\u00e1s de 350 personas, entre deportistas, cuerpos t\u00e9cnicos y familiares, lo que generar\u00e1 un movimiento significativo en la ciudad y un impacto positivo en el comercio y los servicios locales.<\/span><\/p>\r\n<p align=\"justify\"><span style=\"font-family: ARial, sans-serif;\">El torneo reafirma el compromiso de la instituci\u00f3n organizadora con el desarrollo del v\u00f3leibol femenino y el fortalecimiento de sus categor\u00edas formativas, y consolida un espacio competitivo en la regi\u00f3n.<\/span><\/p>\r\n<p align=\"justify\">\ud83c\udf9f\ufe0f <span style=\"font-family: ARial, sans-serif;\">Bono colaboraci\u00f3n: $50<\/span><\/p>\r\n<p align=\"justify\"><span style=\"font-family: ARial, sans-serif;\">Este evento fue declarado de inter\u00e9s tur\u00edstico por el Ministerio de Turismo. <\/span><\/p>\r\n<p align=\"justify\"><span style=\"font-family: ARial, sans-serif;\"><b>Redes sociales:<\/b> <\/span><\/p>\r\n<p align=\"justify\"><span style=\"font-family: ARial, sans-serif;\"><a href=\"https:\/\/www.instagram.com\/sarandivoley\/\">Instagram<\/a><\/span><\/p>","primary_image":"[{\"id\":8145,\"url\":\"https:\/\/uruguaynatural.com\/wp-content\/uploads\/2026\/04\/Desafio-Internacional-de-Voleibol.png\"}]","secondary_image":"[{\"id\":8145,\"url\":\"http:\/\/uruguaynatural.com\/wp-content\/uploads\/2026\/04\/Desafio-Internacional-de-Voleibol.png\"}]","date_enabled":"1","start_date":"1777719600000","end_date":"1777849200000","enable_map":"1","coord_lat":"","coord_lng":"","locations":"-30.9010911,-55.5368407","_links":{"self":[{"href":"https:\/\/uruguaynatural.com\/en\/wp-json\/wp\/v2\/events\/8144","targetHints":{"allow":["GET"]}}],"collection":[{"href":"https:\/\/uruguaynatural.com\/en\/wp-json\/wp\/v2\/events"}],"about":[{"href":"https:\/\/uruguaynatural.com\/en\/wp-json\/wp\/v2\/types\/events"}],"author":[{"embeddable":true,"href":"https:\/\/uruguaynatural.com\/en\/wp-json\/wp\/v2\/users\/7"}],"wp:attachment":[{"href":"https:\/\/uruguaynatural.com\/en\/wp-json\/wp\/v2\/media?parent=8144"}],"wp:term":[{"taxonomy":"event-categories","embeddable":true,"href":"https:\/\/uruguaynatural.com\/en\/wp-json\/wp\/v2\/event-categories?post=8144"}],"curies":[{"name":"wp","href":"https:\/\/api.w.org\/{rel}","templated":true}]}}

Rivera será sede del 5° Desafío Internacional de Voleibol femenino

<p align="justify"><span style="font-family: ARial, sans-serif;">Los días 2 y 3 de mayo, de 08:00 a 20:00, el Club Sarandí Universitario de Rivera será escenario de este torneo que reunirá a 24 equipos de Uruguay y Brasil en categorías formativas Sub 15 y Sub 18.</span></p>
<p align="justify"><span style="font-family: ARial, sans-serif;">La propuesta convocará a jóvenes jugadoras en una instancia que combinará competencia y formación, con el objetivo de impulsar el desarrollo técnico y deportivo, así como la promoción de valores como el respeto, el compañerismo, la disciplina y el juego limpio.</span></p>
<p align="justify"><span style="font-family: ARial, sans-serif;">Además también propiciará el intercambio cultural y deportivo entre ambos países, en un entorno que favorecerá el aprendizaje y la experiencia de las participantes en etapas clave de su crecimiento.</span></p>
<p align="justify"><span style="font-family: ARial, sans-serif;">Se estima la llegada de más de 350 personas, entre deportistas, cuerpos técnicos y familiares, lo que generará un movimiento significativo en la ciudad y un impacto positivo en el comercio y los servicios locales.</span></p>
<p align="justify"><span style="font-family: ARial, sans-serif;">El torneo reafirma el compromiso de la institución organizadora con el desarrollo del vóleibol femenino y el fortalecimiento de sus categorías formativas, y consolida un espacio competitivo en la región.</span></p>
<p align="justify">🎟️ <span style="font-family: ARial, sans-serif;">Bono colaboración: $50</span></p>
<p align="justify"><span style="font-family: ARial, sans-serif;">Este evento fue declarado de interés turístico por el Ministerio de Turismo. </span></p>
<p align="justify"><span style="font-family: ARial, sans-serif;"><b>Redes sociales:</b> </span></p>
<p align="justify"><span style="font-family: ARial, sans-serif;"><a href="https://www.instagram.com/sarandivoley/">Instagram</a></span></p>
